{"id":977,"date":"2021-03-18T17:56:41","date_gmt":"2021-03-18T20:56:41","guid":{"rendered":"http:\/\/www.balefolcloricodabahia.com.br\/site\/?page_id=977"},"modified":"2021-03-19T10:34:00","modified_gmt":"2021-03-19T13:34:00","slug":"acervo-digital","status":"publish","type":"page","link":"https:\/\/balefolcloricodabahia.com.br\/site\/pt\/acervo-digital\/","title":{"rendered":"Acervo Digital"},"content":{"rendered":"<h1><img loading=\"lazy\" decoding=\"async\" class=\"alignnone wp-image-980\" src=\"http:\/\/www.balefolcloricodabahia.com.br\/site\/wp-content\/uploads\/2021\/03\/aldir-blank-pb.png\" alt=\"\" width=\"80\" height=\"79\" srcset=\"https:\/\/balefolcloricodabahia.com.br\/site\/wp-content\/uploads\/2021\/03\/aldir-blank-pb.png 195w, https:\/\/balefolcloricodabahia.com.br\/site\/wp-content\/uploads\/2021\/03\/aldir-blank-pb-150x150.png 150w\" sizes=\"auto, (max-width: 80px) 100vw, 80px\" \/>\u00a0Acervo Digital do Bal\u00e9<\/h1>\n<p>Aqui voc\u00ea encontra todos os v\u00eddeos de espet\u00e1culos completos, coreografias, arquivos de imagens de participa\u00e7\u00e3o em programas de TV, eventos, turn\u00eas nacionais e internacionais, enfim, os 32 anos da hist\u00f3ria de uma das mais importantes companhias de dan\u00e7a do mundo.<\/p>\n<p>Este projeto tem apoio financeiro do Estado da Bahia atrav\u00e9s da Secretaria de Cultura e Funda\u00e7\u00e3o Cultural do Estado da Bahia &#8211; (Programa Aldir Blanc Bahia) via Lei Aldir Blanc, direcionada pela Secretaria Especial da Cultura do Minist\u00e9rio do Turismo, Governo Federal.<\/p>\n<p>Confira tamb\u00e9m: <a href=\"http:\/\/www.balefolcloricodabahia.com.br\/site\/pt\/book-20-anos-do-bale\/\">Book de Men\u00e7\u00f5es do Bal\u00e9 na Imprensa Mundial<\/a><\/p>\n<p><img loading=\"lazy\" decoding=\"async\" class=\"alignnone size-full wp-image-983\" src=\"http:\/\/www.balefolcloricodabahia.com.br\/site\/wp-content\/uploads\/2021\/03\/regua-apoio-cor.png\" alt=\"\" width=\"775\" height=\"77\" srcset=\"https:\/\/balefolcloricodabahia.com.br\/site\/wp-content\/uploads\/2021\/03\/regua-apoio-cor.png 775w, https:\/\/balefolcloricodabahia.com.br\/site\/wp-content\/uploads\/2021\/03\/regua-apoio-cor-300x30.png 300w, https:\/\/balefolcloricodabahia.com.br\/site\/wp-content\/uploads\/2021\/03\/regua-apoio-cor-768x76.png 768w\" sizes=\"auto, (max-width: 775px) 100vw, 775px\" \/><\/p>\n<h2>Espet\u00e1culos<\/h2>\n<p><strong>Bahia de Todas as Cores &#8211; Completo<\/strong><iframe loading=\"lazy\" src=\"https:\/\/www.youtube.com\/embed\/H2afDV4O4xE\" width=\"560\" height=\"315\" frameborder=\"0\" allowfullscreen=\"allowfullscreen\"><\/iframe><\/p>\n<p>&nbsp;<\/p>\n<p><strong>S\u00e9rie de apresenta\u00e7\u00f5es no Teatro Casa do Com\u00e9rcio &#8211; 1992<\/strong><iframe loading=\"lazy\" src=\"https:\/\/www.youtube.com\/embed\/4iQdqDrGNN0\" width=\"560\" height=\"315\" frameborder=\"0\" allowfullscreen=\"allowfullscreen\"><\/iframe><\/p>\n<p>&nbsp;<\/p>\n<p><strong>Raps\u00f3dia Nordestina &#8211; 2000<\/strong><br \/>\n<iframe loading=\"lazy\" src=\"https:\/\/www.youtube.com\/embed\/QZ36dqgV-kk\" width=\"560\" height=\"315\" frameborder=\"0\" allowfullscreen=\"allowfullscreen\"><\/iframe><\/p>\n<p>&nbsp;<\/p>\n<p><strong>Lan\u00e7amento Hyundai 2007<\/strong><br \/>\n<iframe loading=\"lazy\" src=\"https:\/\/www.youtube.com\/embed\/sVRCiitkjzM\" width=\"560\" height=\"315\" frameborder=\"0\" allowfullscreen=\"allowfullscreen\"><\/iframe><\/p>\n<p>&nbsp;<\/p>\n<p><strong>Espet\u00e1culo comemorativo de 20 anos, no Teatro Castro Alves &#8211; 2008<\/strong><iframe loading=\"lazy\" src=\"https:\/\/www.youtube.com\/embed\/Ui85dCTO248\" width=\"560\" height=\"315\" frameborder=\"0\" allowfullscreen=\"allowfullscreen\"><\/iframe><\/p>\n<p>&nbsp;<\/p>\n<p><strong>Apresenta\u00e7\u00e3o com a Orquestra Museuf\u00f4nica &#8211; 2013<\/strong><iframe loading=\"lazy\" src=\"https:\/\/www.youtube.com\/embed\/qJOFN-AA2Qg\" width=\"560\" height=\"315\" frameborder=\"0\" allowfullscreen=\"allowfullscreen\"><\/iframe><\/p>\n<p>&nbsp;<\/p>\n<p><strong>Heran\u00e7a Sagrada, no Teatro Castro Alves &#8211; 2015<\/strong><iframe loading=\"lazy\" src=\"https:\/\/www.youtube.com\/embed\/m_0zhH48Ocs\" width=\"560\" height=\"315\" frameborder=\"0\" allowfullscreen=\"allowfullscreen\"><\/iframe><\/p>\n<p>&nbsp;<\/p>\n<p><strong>Espet\u00e1culo comemorativo de 30 Anos, no Teatro Vila Velha &#8211; 2018<\/strong><iframe loading=\"lazy\" src=\"https:\/\/www.youtube.com\/embed\/videoseries?list=PLc2sWpxXfBj7lzkskSGBA-UbG4gZGq00I\" width=\"560\" height=\"315\" frameborder=\"0\" allowfullscreen=\"allowfullscreen\"><span data-mce-type=\"bookmark\" style=\"display: inline-block; width: 0px; overflow: hidden; line-height: 0;\" class=\"mce_SELRES_start\">\ufeff<\/span><\/iframe><\/p>\n<p>&nbsp;<\/p>\n<p><strong>Bolero &#8211;\u00a032 anos do Bale Folcl\u00f3rico da Bahia na Breton Salvador &#8211; 2020<\/strong><iframe loading=\"lazy\" src=\"https:\/\/www.youtube.com\/embed\/AIGTWehy1sc\" width=\"560\" height=\"315\" frameborder=\"0\" allowfullscreen=\"allowfullscreen\"><\/iframe><\/p>\n<h2>Entrevistas<\/h2>\n<p><iframe loading=\"lazy\" src=\"https:\/\/www.youtube.com\/embed\/videoseries?list=PLc2sWpxXfBj6zE6YFzBwU-f5UOs7xLLgf\" width=\"560\" height=\"315\" frameborder=\"0\" allowfullscreen=\"allowfullscreen\"><span data-mce-type=\"bookmark\" style=\"display: inline-block; width: 0px; overflow: hidden; line-height: 0;\" class=\"mce_SELRES_start\">\ufeff<\/span><\/iframe><\/p>\n<h2>Bastidores<\/h2>\n<p><iframe loading=\"lazy\" src=\"https:\/\/www.youtube.com\/embed\/alONp-ypfXA\" width=\"560\" height=\"315\" frameborder=\"0\" allowfullscreen=\"allowfullscreen\"><\/iframe><\/p>\n<p><a href=\"https:\/\/www.youtube.com\/c\/Bal%C3%A9Folcl%C3%B3ricodaBahia\/videos\"><img loading=\"lazy\" decoding=\"async\" class=\"alignnone wp-image-993 size-large\" src=\"http:\/\/www.balefolcloricodabahia.com.br\/site\/wp-content\/uploads\/2021\/03\/youtube-bfb-1024x226.png\" alt=\"\" width=\"1024\" height=\"226\" srcset=\"https:\/\/balefolcloricodabahia.com.br\/site\/wp-content\/uploads\/2021\/03\/youtube-bfb-1024x226.png 1024w, https:\/\/balefolcloricodabahia.com.br\/site\/wp-content\/uploads\/2021\/03\/youtube-bfb-300x66.png 300w, https:\/\/balefolcloricodabahia.com.br\/site\/wp-content\/uploads\/2021\/03\/youtube-bfb-768x170.png 768w\" sizes=\"auto, (max-width: 1024px) 100vw, 1024px\" \/><\/a><\/p>\n","protected":false},"excerpt":{"rendered":"<p>\u00a0Acervo Digital do Bal\u00e9 Aqui voc\u00ea encontra todos os v\u00eddeos de espet\u00e1culos completos, coreografias, arquivos de imagens de participa\u00e7\u00e3o em programas de TV, eventos, turn\u00eas nacionais e internacionais, enfim, os 32 anos da hist\u00f3ria de uma das mais importantes companhias de dan\u00e7a do mundo. Este projeto tem apoio financeiro do Estado da Bahia atrav\u00e9s da [&hellip;]<\/p>\n","protected":false},"author":1,"featured_media":985,"parent":0,"menu_order":0,"comment_status":"closed","ping_status":"closed","template":"","meta":{"footnotes":""},"class_list":["post-977","page","type-page","status-publish","has-post-thumbnail","hentry"],"_links":{"self":[{"href":"https:\/\/balefolcloricodabahia.com.br\/site\/wp-json\/wp\/v2\/pages\/977","targetHints":{"allow":["GET"]}}],"collection":[{"href":"https:\/\/balefolcloricodabahia.com.br\/site\/wp-json\/wp\/v2\/pages"}],"about":[{"href":"https:\/\/balefolcloricodabahia.com.br\/site\/wp-json\/wp\/v2\/types\/page"}],"author":[{"embeddable":true,"href":"https:\/\/balefolcloricodabahia.com.br\/site\/wp-json\/wp\/v2\/users\/1"}],"replies":[{"embeddable":true,"href":"https:\/\/balefolcloricodabahia.com.br\/site\/wp-json\/wp\/v2\/comments?post=977"}],"version-history":[{"count":9,"href":"https:\/\/balefolcloricodabahia.com.br\/site\/wp-json\/wp\/v2\/pages\/977\/revisions"}],"predecessor-version":[{"id":995,"href":"https:\/\/balefolcloricodabahia.com.br\/site\/wp-json\/wp\/v2\/pages\/977\/revisions\/995"}],"wp:featuredmedia":[{"embeddable":true,"href":"https:\/\/balefolcloricodabahia.com.br\/site\/wp-json\/wp\/v2\/media\/985"}],"wp:attachment":[{"href":"https:\/\/balefolcloricodabahia.com.br\/site\/wp-json\/wp\/v2\/media?parent=977"}],"curies":[{"name":"wp","href":"https:\/\/api.w.org\/{rel}","templated":true}]}}

<h1><img loading="lazy" decoding="async" class="alignnone wp-image-980" src="http://www.balefolcloricodabahia.com.br/site/wp-content/uploads/2021/03/aldir-blank-pb.png" alt="" width="80" height="79" srcset="https://balefolcloricodabahia.com.br/site/wp-content/uploads/2021/03/aldir-blank-pb.png 195w, https://balefolcloricodabahia.com.br/site/wp-content/uploads/2021/03/aldir-blank-pb-150x150.png 150w" sizes="auto, (max-width: 80px) 100vw, 80px" /> Acervo Digital do Balé</h1>
<p>Aqui você encontra todos os vídeos de espetáculos completos, coreografias, arquivos de imagens de participação em programas de TV, eventos, turnês nacionais e internacionais, enfim, os 32 anos da história de uma das mais importantes companhias de dança do mundo.</p>
<p>Este projeto tem apoio financeiro do Estado da Bahia através da Secretaria de Cultura e Fundação Cultural do Estado da Bahia &#8211; (Programa Aldir Blanc Bahia) via Lei Aldir Blanc, direcionada pela Secretaria Especial da Cultura do Ministério do Turismo, Governo Federal.</p>
<p>Confira também: <a href="http://www.balefolcloricodabahia.com.br/site/pt/book-20-anos-do-bale/">Book de Menções do Balé na Imprensa Mundial</a></p>
<p><img loading="lazy" decoding="async" class="alignnone size-full wp-image-983" src="http://www.balefolcloricodabahia.com.br/site/wp-content/uploads/2021/03/regua-apoio-cor.png" alt="" width="775" height="77" srcset="https://balefolcloricodabahia.com.br/site/wp-content/uploads/2021/03/regua-apoio-cor.png 775w, https://balefolcloricodabahia.com.br/site/wp-content/uploads/2021/03/regua-apoio-cor-300x30.png 300w, https://balefolcloricodabahia.com.br/site/wp-content/uploads/2021/03/regua-apoio-cor-768x76.png 768w" sizes="auto, (max-width: 775px) 100vw, 775px" /></p>
<h2>Espetáculos</h2>
<p><strong>Bahia de Todas as Cores &#8211; Completo</strong><iframe loading="lazy" src="https://www.youtube.com/embed/H2afDV4O4xE" width="560" height="315" frameborder="0" allowfullscreen="allowfullscreen"></iframe></p>
<p>&nbsp;</p>
<p><strong>Série de apresentações no Teatro Casa do Comércio &#8211; 1992</strong><iframe loading="lazy" src="https://www.youtube.com/embed/4iQdqDrGNN0" width="560" height="315" frameborder="0" allowfullscreen="allowfullscreen"></iframe></p>
<p>&nbsp;</p>
<p><strong>Rapsódia Nordestina &#8211; 2000</strong><br />
<iframe loading="lazy" src="https://www.youtube.com/embed/QZ36dqgV-kk" width="560" height="315" frameborder="0" allowfullscreen="allowfullscreen"></iframe></p>
<p>&nbsp;</p>
<p><strong>Lançamento Hyundai 2007</strong><br />
<iframe loading="lazy" src="https://www.youtube.com/embed/sVRCiitkjzM" width="560" height="315" frameborder="0" allowfullscreen="allowfullscreen"></iframe></p>
<p>&nbsp;</p>
<p><strong>Espetáculo comemorativo de 20 anos, no Teatro Castro Alves &#8211; 2008</strong><iframe loading="lazy" src="https://www.youtube.com/embed/Ui85dCTO248" width="560" height="315" frameborder="0" allowfullscreen="allowfullscreen"></iframe></p>
<p>&nbsp;</p>
<p><strong>Apresentação com a Orquestra Museufônica &#8211; 2013</strong><iframe loading="lazy" src="https://www.youtube.com/embed/qJOFN-AA2Qg" width="560" height="315" frameborder="0" allowfullscreen="allowfullscreen"></iframe></p>
<p>&nbsp;</p>
<p><strong>Herança Sagrada, no Teatro Castro Alves &#8211; 2015</strong><iframe loading="lazy" src="https://www.youtube.com/embed/m_0zhH48Ocs" width="560" height="315" frameborder="0" allowfullscreen="allowfullscreen"></iframe></p>
<p>&nbsp;</p>
<p><strong>Espetáculo comemorativo de 30 Anos, no Teatro Vila Velha &#8211; 2018</strong><iframe loading="lazy" src="https://www.youtube.com/embed/videoseries?list=PLc2sWpxXfBj7lzkskSGBA-UbG4gZGq00I" width="560" height="315" frameborder="0" allowfullscreen="allowfullscreen"><span data-mce-type="bookmark" style="display: inline-block; width: 0px; overflow: hidden; line-height: 0;" class="mce_SELRES_start">﻿</span></iframe></p>
<p>&nbsp;</p>
<p><strong>Bolero &#8211; 32 anos do Bale Folclórico da Bahia na Breton Salvador &#8211; 2020</strong><iframe loading="lazy" src="https://www.youtube.com/embed/AIGTWehy1sc" width="560" height="315" frameborder="0" allowfullscreen="allowfullscreen"></iframe></p>
<h2>Entrevistas</h2>
<p><iframe loading="lazy" src="https://www.youtube.com/embed/videoseries?list=PLc2sWpxXfBj6zE6YFzBwU-f5UOs7xLLgf" width="560" height="315" frameborder="0" allowfullscreen="allowfullscreen"><span data-mce-type="bookmark" style="display: inline-block; width: 0px; overflow: hidden; line-height: 0;" class="mce_SELRES_start">﻿</span></iframe></p>
<h2>Bastidores</h2>
<p><iframe loading="lazy" src="https://www.youtube.com/embed/alONp-ypfXA" width="560" height="315" frameborder="0" allowfullscreen="allowfullscreen"></iframe></p>
<p><a href="https://www.youtube.com/c/Bal%C3%A9Folcl%C3%B3ricodaBahia/videos"><img loading="lazy" decoding="async" class="alignnone wp-image-993 size-large" src="http://www.balefolcloricodabahia.com.br/site/wp-content/uploads/2021/03/youtube-bfb-1024x226.png" alt="" width="1024" height="226" srcset="https://balefolcloricodabahia.com.br/site/wp-content/uploads/2021/03/youtube-bfb-1024x226.png 1024w, https://balefolcloricodabahia.com.br/site/wp-content/uploads/2021/03/youtube-bfb-300x66.png 300w, https://balefolcloricodabahia.com.br/site/wp-content/uploads/2021/03/youtube-bfb-768x170.png 768w" sizes="auto, (max-width: 1024px) 100vw, 1024px" /></a></p>

<p> Acervo Digital do Balé Aqui você encontra todos os vídeos de espetáculos completos, coreografias, arquivos de imagens de participação em programas de TV, eventos, turnês nacionais e internacionais, enfim, os 32 anos da história de uma das mais importantes companhias de dança do mundo. Este projeto tem apoio financeiro do Estado da Bahia através da [&hellip;]</p>
