{"id":999,"date":"2021-05-25T21:44:06","date_gmt":"2021-05-26T00:44:06","guid":{"rendered":"http:\/\/www.balefolcloricodabahia.com.br\/site\/?page_id=999"},"modified":"2021-05-25T21:44:06","modified_gmt":"2021-05-26T00:44:06","slug":"vakinha-2020","status":"publish","type":"page","link":"https:\/\/balefolcloricodabahia.com.br\/site\/pt\/vakinha-2020\/","title":{"rendered":"Vakinha 2020"},"content":{"rendered":"<p>Em 2021 iniciamos uma nova etapa da <a href=\"http:\/\/vaka.me\/2067730\">nossa campanha para apoio ao Bal\u00e9 Folcl\u00f3rico da Bahia<\/a>. Gostar\u00edamos de aproveitar para agradecer a todas as 2137 pessoas que contribu\u00edram e divulgaram no ano passado!<\/p>\n<p><strong>Vakinha 2020<br \/>\n<\/strong>Per\u00edodo de refer\u00eancia do pagamento das despesas: fevereiro a agosto de 2020<\/p>\n<p>&#8211; total pleiteado: R$250.000,00 (100%)<br \/>\n&#8211; total bruto arrecadado: R$232.327,00 (92,93%)<br \/>\n&#8211; total l\u00edquido recebido: R$216.389,07 (86,55%)<br \/>\n&#8211; taxa da vakinha.com: R$15.937,93 (6,38%)<\/p>\n<p><strong>Total de despesas: R$231.800,11 (100%)<\/strong><br \/>\n&#8211; CONPEC (servi\u00e7o de contabilidade): R$6.270,00 (2,70%)<br \/>\n&#8211; Oi Telemar: R$1.487,20 (0,64%)<br \/>\n&#8211; EMBASA: R$1.859,80 (0,80%)<br \/>\n&#8211; COELBA: R$6.935,30 (3%)<br \/>\n&#8211; Pagamento pessoal (artistas, bolsistas, t\u00e9cnicos, administra\u00e7\u00e3o): R$139.200,00 (60,05%)<br \/>\n&#8211; Taxas e impostos (DARF, GPS, ISS, TFF, TVL, DAM): R$57.774,98 (24,92%)<br \/>\n&#8211; Grupo SEG (seguran\u00e7a eletr\u00f4nica): R$3.047,17 (1,31%)<br \/>\n&#8211; Coutos Servi\u00e7os (servi\u00e7o de seguran\u00e7a e limpeza): R$5.613,98 (2,42%)<br \/>\n&#8211; Guardex: R$2.792,30 (1,20%)<br \/>\n&#8211; Diversos (material de limpeza, dedetiza\u00e7\u00e3o, inform\u00e1tica, correio, maquiagem, material de escrit\u00f3rio, manuten\u00e7\u00e3o do im\u00f3vel, material de constru\u00e7\u00e3o etc): R$6.819,38 (2,94%)<\/p>\n<p>&#8211; total pago com recursos da vaquinha virtual: R$216.389,07<br \/>\n&#8211; saldo devedor: -R$15.411,04<\/p>\n<p>Para contribuir com nossa campanha de 2021, <a href=\"http:\/\/vaka.me\/2067730\">clique aqui<\/a>.<\/p>\n","protected":false},"excerpt":{"rendered":"<p>Em 2021 iniciamos uma nova etapa da nossa campanha para apoio ao Bal\u00e9 Folcl\u00f3rico da Bahia. Gostar\u00edamos de aproveitar para agradecer a todas as 2137 pessoas que contribu\u00edram e divulgaram no ano passado! Vakinha 2020 Per\u00edodo de refer\u00eancia do pagamento das despesas: fevereiro a agosto de 2020 &#8211; total pleiteado: R$250.000,00 (100%) &#8211; total bruto [&hellip;]<\/p>\n","protected":false},"author":1,"featured_media":611,"parent":0,"menu_order":0,"comment_status":"closed","ping_status":"closed","template":"","meta":{"footnotes":""},"class_list":["post-999","page","type-page","status-publish","has-post-thumbnail","hentry"],"_links":{"self":[{"href":"https:\/\/balefolcloricodabahia.com.br\/site\/wp-json\/wp\/v2\/pages\/999","targetHints":{"allow":["GET"]}}],"collection":[{"href":"https:\/\/balefolcloricodabahia.com.br\/site\/wp-json\/wp\/v2\/pages"}],"about":[{"href":"https:\/\/balefolcloricodabahia.com.br\/site\/wp-json\/wp\/v2\/types\/page"}],"author":[{"embeddable":true,"href":"https:\/\/balefolcloricodabahia.com.br\/site\/wp-json\/wp\/v2\/users\/1"}],"replies":[{"embeddable":true,"href":"https:\/\/balefolcloricodabahia.com.br\/site\/wp-json\/wp\/v2\/comments?post=999"}],"version-history":[{"count":3,"href":"https:\/\/balefolcloricodabahia.com.br\/site\/wp-json\/wp\/v2\/pages\/999\/revisions"}],"predecessor-version":[{"id":1002,"href":"https:\/\/balefolcloricodabahia.com.br\/site\/wp-json\/wp\/v2\/pages\/999\/revisions\/1002"}],"wp:featuredmedia":[{"embeddable":true,"href":"https:\/\/balefolcloricodabahia.com.br\/site\/wp-json\/wp\/v2\/media\/611"}],"wp:attachment":[{"href":"https:\/\/balefolcloricodabahia.com.br\/site\/wp-json\/wp\/v2\/media?parent=999"}],"curies":[{"name":"wp","href":"https:\/\/api.w.org\/{rel}","templated":true}]}}